?
12
Let g(p) = 8*p**3 - 7*p**2 - 2*p + 6. Let b = -214 + 217. Calculate the remainder when g(b) is divided by (22 - 0) + -1 + 1.
21
Suppose -3*r - 113 = -5*w + 902, 2*r = -4*w + 834. Calculate the remainder when w is divided by 57.
35
Suppose -l + 110 = 4*l - 2*x, -97 = -3*l - 5*x. Suppose -l*w + 123 = -23*w. Calculate the remainder when w is divided by 32.
27
Calculate the remainder when (456/(-10) + 1)*-12 + (-18)/15 is divided by 184.
166
Let i = 150 - 115. Let s(n) = -15*n + 108. Calculate the remainder when s(-2) is divided by i.
33
Let j = 386 - 397. Suppose -4*h = y - 0*h - 103, 3*y - 3*h = 249. Let c = y + j. Calculate the remainder when c is divided by 39.
37
Suppose 2*y - 2*f - 24 = y, 4*y = -5*f + 57. Let v = 77 - 176. Let z = -67 - v. Calculate the remainder when z is divided by y.
14
What is the remainder when 859 is divided by ((4560/42)/(-38))/((-2)/14)?
19
Let y(a) = -30*a**2 - 162*a - 50. Calculate the remainder when 446 is divided by y(-5).
6
Let m be -3 + (12/(-18))/((-3)/108). Suppose 2*k - m*k + 304 = 0. What is the remainder when 39 is divided by k?
7
Let l(d) = 35*d - 4. Calculate the remainder when l(2) is divided by -28 + (731/17 - -6).
3
Let r = 20291 + -20053. Calculate the remainder when r is divided by 225.
13
Suppose 0 = -4*s - 5*l - 28 - 31, -2*l = 5*s + 78. What is the remainder when (-4 - -6)/(-2) - s is divided by 12?
3
Let f be 1/(-24)*-6 + (-2)/8. Suppose 2*g + 2*g + 3*n - 68 = f, 0 = -4*n + 16. What is the remainder when 139 is divided by g?
13
Let y be (-680)/(-15) - (-6)/9. Suppose 9*j - y = 8. Calculate the remainder when 22 is divided by j.
4
Suppose 5*k - 165 = -5*j, -64 = -2*k - 5*j - 7. Suppose -h - 4*w + k = 0, h - 8 = -2*w + 24. Calculate the remainder when 136 is divided by h.
24
Let m be (21/14)/((-9)/(-30)). Let w(z) = -18 + 12 - 8 + 4*z**2 - m*z**2 - 9*z. Calculate the remainder when 14 is divided by w(-4).
2
Suppose 1 - 118 = -n. Let q(t) = -10*t**2 + 54*t. Calculate the remainder when n is divided by q(5).
17
Let f(w) = -w**3 + 5*w**2 + 26*w + 9. Suppose 541 = x + 4*x - 3*t, -4*t = 5*x - 562. Calculate the remainder when f(8) is divided by 1/(-3) - x/(-15).
4
Let q(c) be the second derivative of 49*c**3/3 + 37*c**2/2 + 32*c - 2. What is the remainder when q(1) is divided by 43?
6
Suppose 0 = 5*b + 16 - 6. Let k be 2/(-8)*13/((-13)/4). Calculate the remainder when 18 is divided by k*(5 + b)/(-3)*-7.
4
Let h = -13932 + 13975. What is the remainder when 296 is divided by h?
38
Suppose -232*a - 3760 = -135*a - 117*a. Calculate the remainder when a is divided by (-160)/(-6) - (-2)/(-3).
6
Suppose -84*q + 107*q - 322 = 0. Calculate the remainder when q is divided by ((-16)/(-10))/((-2)/(-5)).
2
Suppose 13*h = -12439 + 13037. What is the remainder when 354 is divided by h?
32
Let r = -2809 - -3176. What is the remainder when r is divided by 12?
7
Suppose -3*w = -w - 6*w. Suppose -5*a + 3*a - d + 17 = w, -5*a = 5*d - 50. Let f(p) = -p**3 + 8*p**2 - 4*p + 3. What is the remainder when f(a) is divided by 5?
4
Let i(l) = -8*l - 67. Let g be i(-9). Suppose -1 = -g*z - 21. Let r = 8 + z. Calculate the remainder when 15 is divided by r.
3
Suppose n = -2*n + 27. Calculate the remainder when 13/(-52) - 2257/(-148) is divided by n.
6
Calculate the remainder when (-68)/(-170) - (-25695)/75 is divided by 87.
82
Let f = -9079 - -10788. Calculate the remainder when f is divided by 29.
27
Let t = -11973 + 12185. Calculate the remainder when 642 is divided by t.
6
Suppose 4*d = 3*x + 423, -18*x + 17*x = 2*d - 209. Suppose 2*g = -0*g + 46. What is the remainder when d is divided by g?
13
Let g = 1778 + -1632. What is the remainder when g is divided by 21?
20
What is the remainder when (-304)/(-1) + (28 - (-31)/(-1)) is divided by 6?
1
Let p = 638 + 1202. Calculate the remainder when p is divided by 913.
14
Suppose -27*j - 2959 = -3266 - 7091. Calculate the remainder when j is divided by 11.
10
Let i = -154 - -478. What is the remainder when i is divided by 24?
12
Let w = -4799 - -4895. Calculate the remainder when w is divided by (392/(-12))/(0 - (-2)/(-3)).
47
Let z = 127 + -56. Let a = z + -68. Calculate the remainder when (1 - -1 - 3) + a + 12 is divided by 10.
4
Let i(v) = 2*v**3 + 4*v**2 - 83*v - 10. Calculate the remainder when 310 is divided by i(-7).
67
Suppose 0 = 6*b + 37 - 235. Calculate the remainder when (3*(-65)/60)/(12/(-192)) is divided by b.
19
Suppose -63 = -6*h - 32 + 137. What is the remainder when 220 is divided by h?
24
Suppose 503*k = 510*k - 315. Calculate the remainder when 148 is divided by k.
13
Suppose -y + 352 = -18*y + 21*y. Let n(s) be the second derivative of -s**3/6 - 3*s**2/2 + 2*s. Calculate the remainder when y is divided by n(-12).
7
Let s = -91 - -120. Suppose -1 - s = -d. Suppose 0*k = 5*k - 40. What is the remainder when d is divided by k?
6
Let m(c) = -2*c**3 + 233*c**2 + 356*c - 222. Suppose -2*n - 121 = -3*l, -4*l = -3*n - 0*n - 161. What is the remainder when l is divided by m(118)?
13
Suppose -40 = -z - 4*l, 20 = -0*z + 2*z - 4*l. Let s = 32 - z. Suppose -583 = -5*b + 4*x, -x + 159 = 5*b - 439. What is the remainder when b is divided by s?
11
Let y(p) = p**3 + 7*p**2 + 5*p - 14. Let l be y(-6). What is the remainder when (-125)/10*(l/(-10) + -2) is divided by (-26)/(-4) + (-2)/4?
3
What is the remainder when (-56)/(-35) + (3 - (-21084)/35) is divided by 24?
7
Suppose -632 = 2*b + 3*s, -1 = -5*s + 9. Let i = -304 - b. Calculate the remainder when 35 is divided by i.
5
Suppose -605 = -x + k, -1281 = -4*x + 5*k + 1144. Suppose 0 = 7*l + l - x. Calculate the remainder when l is divided by 23.
6
Suppose 290 = 4*a - 3*c, -4*a + 5*c + 81 = -3*a. Let l(y) = 3*y + 6. What is the remainder when a is divided by l(4)?
17
What is the remainder when 531 is divided by (-5 + -345)*(-201)/134?
6
Suppose 4*x - 5*t - 522 = 0, 6*x - 5*x + 3*t - 122 = 0. Calculate the remainder when 630 is divided by x.
118
Suppose -5*q - 460 = -4*x + 2*x, x = -5*q + 230. Suppose 0 = -3*u + x - 206. Let d(l) = -37*l**3 + l**2 + l. Calculate the remainder when d(-1) is divided by u.
5
Calculate the remainder when 418 is divided by (6/20)/((-450)/(-375)) + (-283)/(-4).
63
Let u(n) = 18*n**2 + 2*n - 1. Let r be 135/(-90)*(-48)/(-9). Let x(p) = 12*p + 167. What is the remainder when x(r) is divided by u(1)?
14
Calculate the remainder when 256/(-1152) + (-129262)/(-18) is divided by 114.
113
Let y(s) = s**2 + 44*s - 2542. What is the remainder when y(42) is divided by 182?
160
What is the remainder when (143808/63)/4*3 is divided by 66?
62
Let q be (42/9)/((-6)/(-36)). What is the remainder when 130 is divided by (9 + -10)/((-1)/q)?
18
Let z(l) = -3*l**2 + 22*l - 7. Let x be z(7). Suppose x = -11*u + 9*u - 96. Let i = u + 90. What is the remainder when i is divided by 15?
12
Suppose -10*n - 29*n + 6474 = 0. Suppose -5*a - 2*q + 285 = -338, -3*a - 4*q = -385. Let r = n - a. What is the remainder when r is divided by 15?
13
Let u = -15721 + 15738. Suppose -3*y + 2*q = -2*q - 501, 4*y - q - 668 = 0. Calculate the remainder when y is divided by u.
14
Let a be 4/16 + 502/8. Suppose 54*x + 59 - 167 = 0. Suppose -17 = x*k - a. What is the remainder when k is divided by 9?
5
Let l(s) = -s**3 + 5*s**2 + 22*s + 2. What is the remainder when 230 is divided by l(-3)?
6
Let c = 4509 + -1680. What is the remainder when c is divided by 59?
56
Suppose 3*c + 1 - 1 = 0. Suppose -14*o + 629 + 981 = c. What is the remainder when o is divided by 60?
55
Let c(w) = w**2 - 5*w - 26. What is the remainder when 1269 is divided by c(-6)?
29
Suppose 0 = 2133*x - 2185*x + 2756. Let a(o) = 15*o**2 - 3*o + 1. What is the remainder when a(3) is divided by x?
21
Let n = 23 + -6. Suppose -n = -5*w + 3. Calculate the remainder when 6 is divided by w.
2
Suppose 0*n - 60 = 5*n. Calculate the remainder when 5 + 3 + -3 + 49 + -49 is divided by (-28)/n + (-6)/(-9).
2
Suppose 0 = -5*k - 60*m + 59*m + 168, 2*m = 6. Calculate the remainder when 787 is divided by k.
28
Let u = -7109 - -7139. What is the remainder when 1244 is divided by u?
14
Suppose 19*i - 4*j - 4 = 18*i, 52 = 2*i + 3*j. What is the remainder when 599 is divided by i?
19
Suppose -9*j = -40 - 113. Let a = 56 + -11. What is the remainder when a is divided by j?
11
Suppose -163*g = -141